{"id":1083,"date":"2024-10-14T14:31:39","date_gmt":"2024-10-14T12:31:39","guid":{"rendered":"https:\/\/www.centritecnopolo.unipr.it\/cidea\/?page_id=1083"},"modified":"2024-10-15T10:31:45","modified_gmt":"2024-10-15T08:31:45","slug":"agora-un-atelier-sonoro-per-il-gioco-la-ricerca-lacustica-progetto-innovativo-per-linclusione-delle-persone-vulnerabili-tramite-il-suono-immersivo-3d-delle-piazze","status":"publish","type":"page","link":"https:\/\/www.centritecnopolo.unipr.it\/cidea\/agora-un-atelier-sonoro-per-il-gioco-la-ricerca-lacustica-progetto-innovativo-per-linclusione-delle-persone-vulnerabili-tramite-il-suono-immersivo-3d-delle-piazze\/","title":{"rendered":"<strong>AGORA &#8211; un Atelier sonoro per il GiocO, la Ricerca, l\u2019Acustica &#8211; progetto innovativo per l\u2019inclusione delle persone vulnerabili tramite il suono immersivo 3D delle piazze<\/strong>"},"content":{"rendered":"\n<p><strong>Sito web del progetto<\/strong><\/p>\n\n\n\n<p><a href=\"https:\/\/progettoagora.org\/\">http:\/\/progettoagora.org\/<\/a><\/p>\n\n\n\n<p><strong>Abstract<\/strong><\/p>\n\n\n\n<p>I cambiamenti climatici, le carestie, le guerre, le emergenze umanitarie sempre pi\u00f9 gravi, causano dinamiche migratorie che portano ingenti masse di popolazione dalle periferie del mondo agli agglomerati urbani. Sono processi inarrestabili. L\u2019inclusivit\u00e0 sociale di qualit\u00e0 rappresenta una priorit\u00e0 fondamentale per le politiche sociali regionali ed internazionali, soprattutto per le persone pi\u00f9 vulnerabili: persone con disabilit\u00e0, senza cittadinanza, rifugiati, richiedenti asilo. L\u2019inclusione conduce alla condivisione della vita sociale, delle attivit\u00e0 culturali e creative, della festa. La Regione Emilia Romagna \u00e8 da sempre all\u2019avanguardia in Europa per le politiche sociali innovative volte a migliorare l\u2019inclusivit\u00e0 e la cittadinanza. Un luogo simbolico, storicoculturale inclusivo per antonomasia, \u00e8 rivestito dalle Piazze. Piazza Maggiore, Piazza Cavour, significano incontro, condivisione, socializzazione, confronto. Il progetto AGORA ambisce a portare il suono delle piazze dalle persone pi\u00f9 vulnerabili. La vivacit\u00e0, l\u2019allegria dei suoni delle piazze verr\u00e0 studiata, acquisita e trasmessa con tecnologie acustiche multicanali innovative. Il suono delle piazze \u00e8 un bene culturale intangibile, e il suo splendore e vivacit\u00e0 pu\u00f2 contribuire a una sempre maggiore inclusione di qualit\u00e0.&nbsp;<\/p>\n\n\n\n<p><strong>Obiettivi e risultati attesi<\/strong>&nbsp;<\/p>\n\n\n\n<p>Gli obiettivi sono i seguenti: raccogliere e repertoriare i suoni delle piazze, bene culturale intangibile, dell\u2019Emilia-Romagna e d\u2019Italia, per la loro conservazione; analizzare i suoni delle piazze italiane e qualificarle per l\u2019aspetto del potenziale acustico e sonoro, offrendo uno strumento alle amministrazioni pubbliche per la loro migliore destinazione nelle varie funzioni cittadine; portare i suoni delle piazze a coloro che, disabili e fragili, non possono percorrerle, offrendo un\u2019esperienza acustico-sonoro-spaziale che superi le barriere imposte dalle loro disabilit\u00e0 o fragilit\u00e0; costruire percorsi formativi per i migranti che, a partire dalla piazza considerata anche dal punto di vista acustico e sonoro, espressione della peculiarit\u00e0 del luogo, data anche la sua conformazione urbanistica e architettonica, mirino all\u2019educazione alla cittadinanza; costruire percorsi formativi per tutti i cittadini che, indagandone la storia della piazza anche dal punto di vista acustico e sonoro, possa far maturare un senso di consapevolezza culturale; costruire percorsi formativi per tutti i cittadini, residenti o migranti, disabili o fragili, che, a partire dalla ricostruzione acustica e sonora della piazza oggi, ripercorrano anche la storia musicale di una determinata piazza e della citt\u00e0. In una visione didattica dell\u2019ascolto i migranti possono penetrare i significati della cultura che li accoglie, i disabili e i fragili vengono valorizzati.<\/p>\n\n\n\n<p><strong>Dettagli del progetto<\/strong><\/p>\n\n\n\n<p><strong>Responsabile scientifico:<\/strong>&nbsp;Prof. Angelo Farina<\/p>\n\n\n\n<p><strong>Strutture Unipr coinvolte:<\/strong><br>CIDEA- Centro Interdipartimentale per l&#8217;Energia e l&#8217;Ambiente<\/p>\n\n\n\n<p><strong>Coordinatore:<\/strong><br>Gruppo C.S.A. S.p.A.(Italy)<\/p>\n\n\n\n<p><strong>Partner:<\/strong><\/p>\n\n\n\n<ul>\n<li>UNIPR CIDEA- Centro Interdipartimentale per l&#8217;Energia e l&#8217;Ambiente<\/li>\n\n\n\n<li>CIRI EC &#8211; ALMA MATER STUDIORUM &#8211; Universit\u00e0 di Bologna (Italy)<\/li>\n\n\n\n<li>Consorzio Futuro in Ricerca (Italy)<\/li>\n<\/ul>\n\n\n\n<p><strong>Costo totale di progetto:<\/strong>\u00a0763.535,00 euro<br><strong>Contributo totale di progetto:<\/strong>\u00a0499.379,50 euro<br><strong>Costo totale Unipr:<\/strong>\u00a0180.710,00 euro<br><strong>Contributo totale Unipr:<\/strong>\u00a0126.497,00 euro<br><strong>Durata del progetto in mesi:<\/strong>\u00a030\u00a0<br><strong>Data di inizio:\u00a0<\/strong>30\/01\/2024<br><strong>Data di fine:<\/strong>\u00a029\/07\/2026<\/p>\n\n\n\n<p><strong>Il progetto \u00e8 realizzato grazie ai Fondi europei della Regione Emilia-Romagna<\/strong><\/p>\n\n\n\n<figure class=\"wp-block-image size-large\"><img decoding=\"async\" loading=\"lazy\" width=\"1024\" height=\"198\" src=\"https:\/\/www.centritecnopolo.unipr.it\/cidea\/wp-content\/uploads\/sites\/4\/2024\/10\/Loghi_CoesioneITA_UE_REP_ER_21-27_compatta_colore-1024x198.png\" alt=\"\" class=\"wp-image-1085\" srcset=\"https:\/\/www.centritecnopolo.unipr.it\/cidea\/wp-content\/uploads\/sites\/4\/2024\/10\/Loghi_CoesioneITA_UE_REP_ER_21-27_compatta_colore-1024x198.png 1024w, https:\/\/www.centritecnopolo.unipr.it\/cidea\/wp-content\/uploads\/sites\/4\/2024\/10\/Loghi_CoesioneITA_UE_REP_ER_21-27_compatta_colore-300x58.png 300w, https:\/\/www.centritecnopolo.unipr.it\/cidea\/wp-content\/uploads\/sites\/4\/2024\/10\/Loghi_CoesioneITA_UE_REP_ER_21-27_compatta_colore-768x148.png 768w, https:\/\/www.centritecnopolo.unipr.it\/cidea\/wp-content\/uploads\/sites\/4\/2024\/10\/Loghi_CoesioneITA_UE_REP_ER_21-27_compatta_colore-1536x296.png 1536w, https:\/\/www.centritecnopolo.unipr.it\/cidea\/wp-content\/uploads\/sites\/4\/2024\/10\/Loghi_CoesioneITA_UE_REP_ER_21-27_compatta_colore-2048x395.png 2048w\" sizes=\"(max-width: 1024px) 100vw, 1024px\" \/><\/figure>\n","protected":false},"excerpt":{"rendered":"<p>Sito web del progetto http:\/\/progettoagora.org\/ Abstract I cambiamenti climatici, le carestie, le guerre, le emergenze umanitarie sempre pi\u00f9 gravi, causano [&hellip;]<\/p>\n","protected":false},"author":34,"featured_media":0,"parent":0,"menu_order":0,"comment_status":"closed","ping_status":"closed","template":"","meta":[],"acf":[],"_links":{"self":[{"href":"https:\/\/www.centritecnopolo.unipr.it\/cidea\/wp-json\/wp\/v2\/pages\/1083"}],"collection":[{"href":"https:\/\/www.centritecnopolo.unipr.it\/cidea\/wp-json\/wp\/v2\/pages"}],"about":[{"href":"https:\/\/www.centritecnopolo.unipr.it\/cidea\/wp-json\/wp\/v2\/types\/page"}],"author":[{"embeddable":true,"href":"https:\/\/www.centritecnopolo.unipr.it\/cidea\/wp-json\/wp\/v2\/users\/34"}],"replies":[{"embeddable":true,"href":"https:\/\/www.centritecnopolo.unipr.it\/cidea\/wp-json\/wp\/v2\/comments?post=1083"}],"version-history":[{"count":3,"href":"https:\/\/www.centritecnopolo.unipr.it\/cidea\/wp-json\/wp\/v2\/pages\/1083\/revisions"}],"predecessor-version":[{"id":1200,"href":"https:\/\/www.centritecnopolo.unipr.it\/cidea\/wp-json\/wp\/v2\/pages\/1083\/revisions\/1200"}],"wp:attachment":[{"href":"https:\/\/www.centritecnopolo.unipr.it\/cidea\/wp-json\/wp\/v2\/media?parent=1083"}],"curies":[{"name":"wp","href":"https:\/\/api.w.org\/{rel}","templated":true}]}}

<p><strong>Sito web del progetto</strong></p>



<p><a href="https://progettoagora.org/">http://progettoagora.org/</a></p>



<p><strong>Abstract</strong></p>



<p>I cambiamenti climatici, le carestie, le guerre, le emergenze umanitarie sempre più gravi, causano dinamiche migratorie che portano ingenti masse di popolazione dalle periferie del mondo agli agglomerati urbani. Sono processi inarrestabili. L’inclusività sociale di qualità rappresenta una priorità fondamentale per le politiche sociali regionali ed internazionali, soprattutto per le persone più vulnerabili: persone con disabilità, senza cittadinanza, rifugiati, richiedenti asilo. L’inclusione conduce alla condivisione della vita sociale, delle attività culturali e creative, della festa. La Regione Emilia Romagna è da sempre all’avanguardia in Europa per le politiche sociali innovative volte a migliorare l’inclusività e la cittadinanza. Un luogo simbolico, storicoculturale inclusivo per antonomasia, è rivestito dalle Piazze. Piazza Maggiore, Piazza Cavour, significano incontro, condivisione, socializzazione, confronto. Il progetto AGORA ambisce a portare il suono delle piazze dalle persone più vulnerabili. La vivacità, l’allegria dei suoni delle piazze verrà studiata, acquisita e trasmessa con tecnologie acustiche multicanali innovative. Il suono delle piazze è un bene culturale intangibile, e il suo splendore e vivacità può contribuire a una sempre maggiore inclusione di qualità.&nbsp;</p>



<p><strong>Obiettivi e risultati attesi</strong>&nbsp;</p>



<p>Gli obiettivi sono i seguenti: raccogliere e repertoriare i suoni delle piazze, bene culturale intangibile, dell’Emilia-Romagna e d’Italia, per la loro conservazione; analizzare i suoni delle piazze italiane e qualificarle per l’aspetto del potenziale acustico e sonoro, offrendo uno strumento alle amministrazioni pubbliche per la loro migliore destinazione nelle varie funzioni cittadine; portare i suoni delle piazze a coloro che, disabili e fragili, non possono percorrerle, offrendo un’esperienza acustico-sonoro-spaziale che superi le barriere imposte dalle loro disabilità o fragilità; costruire percorsi formativi per i migranti che, a partire dalla piazza considerata anche dal punto di vista acustico e sonoro, espressione della peculiarità del luogo, data anche la sua conformazione urbanistica e architettonica, mirino all’educazione alla cittadinanza; costruire percorsi formativi per tutti i cittadini che, indagandone la storia della piazza anche dal punto di vista acustico e sonoro, possa far maturare un senso di consapevolezza culturale; costruire percorsi formativi per tutti i cittadini, residenti o migranti, disabili o fragili, che, a partire dalla ricostruzione acustica e sonora della piazza oggi, ripercorrano anche la storia musicale di una determinata piazza e della città. In una visione didattica dell’ascolto i migranti possono penetrare i significati della cultura che li accoglie, i disabili e i fragili vengono valorizzati.</p>



<p><strong>Dettagli del progetto</strong></p>



<p><strong>Responsabile scientifico:</strong>&nbsp;Prof. Angelo Farina</p>



<p><strong>Strutture Unipr coinvolte:</strong><br>CIDEA- Centro Interdipartimentale per l&#8217;Energia e l&#8217;Ambiente</p>



<p><strong>Coordinatore:</strong><br>Gruppo C.S.A. S.p.A.(Italy)</p>



<p><strong>Partner:</strong></p>



<ul>
<li>UNIPR CIDEA- Centro Interdipartimentale per l&#8217;Energia e l&#8217;Ambiente</li>



<li>CIRI EC &#8211; ALMA MATER STUDIORUM &#8211; Università di Bologna (Italy)</li>



<li>Consorzio Futuro in Ricerca (Italy)</li>
</ul>



<p><strong>Costo totale di progetto:</strong> 763.535,00 euro<br><strong>Contributo totale di progetto:</strong> 499.379,50 euro<br><strong>Costo totale Unipr:</strong> 180.710,00 euro<br><strong>Contributo totale Unipr:</strong> 126.497,00 euro<br><strong>Durata del progetto in mesi:</strong> 30 <br><strong>Data di inizio: </strong>30/01/2024<br><strong>Data di fine:</strong> 29/07/2026</p>



<p><strong>Il progetto è realizzato grazie ai Fondi europei della Regione Emilia-Romagna</strong></p>



<figure class="wp-block-image size-large"><img decoding="async" loading="lazy" width="1024" height="198" src="https://www.centritecnopolo.unipr.it/cidea/wp-content/uploads/sites/4/2024/10/Loghi_CoesioneITA_UE_REP_ER_21-27_compatta_colore-1024x198.png" alt="" class="wp-image-1085" srcset="https://www.centritecnopolo.unipr.it/cidea/wp-content/uploads/sites/4/2024/10/Loghi_CoesioneITA_UE_REP_ER_21-27_compatta_colore-1024x198.png 1024w, https://www.centritecnopolo.unipr.it/cidea/wp-content/uploads/sites/4/2024/10/Loghi_CoesioneITA_UE_REP_ER_21-27_compatta_colore-300x58.png 300w, https://www.centritecnopolo.unipr.it/cidea/wp-content/uploads/sites/4/2024/10/Loghi_CoesioneITA_UE_REP_ER_21-27_compatta_colore-768x148.png 768w, https://www.centritecnopolo.unipr.it/cidea/wp-content/uploads/sites/4/2024/10/Loghi_CoesioneITA_UE_REP_ER_21-27_compatta_colore-1536x296.png 1536w, https://www.centritecnopolo.unipr.it/cidea/wp-content/uploads/sites/4/2024/10/Loghi_CoesioneITA_UE_REP_ER_21-27_compatta_colore-2048x395.png 2048w" sizes="(max-width: 1024px) 100vw, 1024px" /></figure>

<p>Sito web del progetto http://progettoagora.org/ Abstract I cambiamenti climatici, le carestie, le guerre, le emergenze umanitarie sempre più gravi, causano [&hellip;]</p>
