{"id":43,"date":"2023-04-17T12:03:09","date_gmt":"2023-04-17T10:03:09","guid":{"rendered":"https:\/\/app649.apps.aicod.it\/ciccrei\/?page_id=43"},"modified":"2025-07-07T14:46:43","modified_gmt":"2025-07-07T12:46:43","slug":"personale","status":"publish","type":"page","link":"https:\/\/www.centritecnopolo.unipr.it\/ciccrei\/il-centro\/personale\/","title":{"rendered":"Personale"},"content":{"rendered":"\n<p>Per lo svolgimento delle proprie attivit\u00e0 il Centro dedica una parte preponderante delle proprie risorse umane e tecnologiche ad attivit\u00e0 di ricerca industriale e di trasferimento tecnologico indirizzate al sistema imprenditoriale regionale e agli enti che ne promuovono lo sviluppo; ci\u00f2 vale anche per le attivit\u00e0 di ricerca e sviluppo avviate su base indipendente. Inoltre, il Centro impiega risorse umane con elevati livelli di competenza tecnico-scientifica, nonch\u00e9 con professionalit\u00e0 e di esperienza adeguate al fine di garantire la qualit\u00e0 delle prestazioni e dei progetti che gli sono affidati.<\/p>\n\n\n\n<div style=\"height:65px\" aria-hidden=\"true\" class=\"wp-block-spacer\"><\/div>\n\n\n\n<figure class=\"wp-block-table\"><table><tbody><tr><td>FUNZIONE<\/td><td>NOMINATIVO<\/td><td>RESPONSABILIT\u00c0<\/td><\/tr><tr><td>Direttore<\/td><td>Prof.ssa Eva Co\u00efsson<\/td><td>&#8211; Rappresentanza del Centro e relazione con soggetti interni ed esterni<br>&#8211; Controllo del corretto funzionamento del Centro<br>&#8211; Redazione e presentazione al Consiglio della relazione annuale delle attivit\u00e0 svolte e il budget consuntivo<br>&#8211; Elaborazione delle linee programmatiche inerenti lo sviluppo scientifico ed economico del Centro<br>&#8211; Approvazione dei contratti, convenzioni e richieste di finanziamento<\/td><\/tr><tr><td>Vicedirettore<\/td><td>Prof.ssa Antonella Casoli<\/td><td>&#8211; Coadiuva in sinergia con il direttore le attivit\u00e0 e lo sviluppo del Centro<br>&#8211; Sostituisce il direttore in caso di assenza<\/td><\/tr><tr><td>Coordinatore amministrativo<\/td><td>Dott.ssa Marina Cassano<\/td><td>&#8211; Espletamento degli adempimenti amministrativi e contabili e supporto al Direttore e i Responsabili Scientifici<\/td><\/tr><tr><td>Responsabile Accreditamento e Sistema Qualit\u00e0<\/td><td>Prof. Daniele Ferretti<\/td><td>&#8211; Controllo della corretta applicazione delle procedure definite per la gestione del Centro<br>&#8211; Gestione del Manuale di Accreditamento<br>&#8211; Analisi dei dati sulla soddisfazione dei clienti e proposta di azioni correttive e di miglioramento per le attivit\u00e0 del Centro<\/td><\/tr><tr><td>Responsabile Attrezzature<\/td><td>Prof.ssa Federica Ottoni<\/td><td>&#8211; Aggiornamento registro attrezzature<br>&#8211; Aggiornamento elenco attrezzature sul sito della Rete Alta Tecnologia<br>&#8211; Procedure di verifica manutenzione attrezzature<\/td><\/tr><tr><td>Responsabili Unit\u00e0 Operative<\/td><td><strong>UO \u201cMateriali Sostenibili\u201d<\/strong><br>Responsabile<br>Prof. Gabriele Tebaldi<br>&nbsp;<br><strong>UO \u201cEfficienza energetica degli edifici per la sostenibilit\u00e0 ambientale\u201d<\/strong><br>Responsabile<br>Prof.ssa Pamela Vocale<br><strong>&nbsp;<\/strong><br><strong>UO \u201cTecniche diagnostiche e trattamenti innovativi per la conservazione del patrimonio storico\/artistico\u201d <\/strong>Prof.ssa Claudia Graiff<br><strong>&nbsp;<\/strong><br><strong>UO \u201cConoscenza e valorizzazione del costruito storico\u201d<\/strong><br>Prof.ssa Federica Ottoni<br><br><strong>UO \u201cRigenerazione urbana\u201d<\/strong><br>Responsabile<br>Prof. Michele Zazzi<br><strong>&nbsp;<\/strong><br><strong>UO \u201cMonitoraggio e identificazione strutturale\u201d<\/strong><br>Responsabile Prof. Francesco Freddi<br>&nbsp;<br><strong>UO \u201cSicurezza delle strutture e infrastrutture\u201d<\/strong><br>Responsabile Prof.ssa Beatrice Belletti<\/td><td>&#8211; Coordinamento ed indirizzo delle Unit\u00e0 Operative<br>&#8211; Gestione dei progetti<br>&#8211; Gestione del personale di UO<br>&#8211; Gestione dei rapporti di interfaccia con le altre Unit\u00e0 Operative<br>&#8211; Partecipazione al Consiglio di Indirizzo<\/td><\/tr><tr><td>Consiglio del Centro<\/td><td>Direttore del Centro<br>Vicedirettore<br>Ricercatori aderenti<br>(Vedi Elenco Tab.2)<\/td><td>&#8211; Indirizzo, Controllo e Programmazione delle attivit\u00e0 del Centro<br>&#8211; Approvazione della programmazione finanziaria<br>&#8211; Elezione del Direttore<br>&#8211; Esamina ed Approva la relazione annuale delle attivit\u00e0 del Centro<br>&#8211; Esamina ed Approva il rendiconto finanziario<br>&#8211; Approva il Budget e il programma delle attivit\u00e0<br>&#8211; Approva i progetti e i contratti, le richieste di finanziamento e le proposte di collaborazione<br>Approva le richieste di nuove adesioni al Centro<\/td><\/tr><\/tbody><\/table><figcaption class=\"wp-element-caption\">Tab.1 &#8211; Mappa delle responsabilit\u00e0 e dei ruoli<\/figcaption><\/figure>\n\n\n\n<div style=\"height:100px\" aria-hidden=\"true\" class=\"wp-block-spacer\"><\/div>\n\n\n\n<figure class=\"wp-block-table\"><table><tbody><tr><td>NOME<\/td><td>COGNOME<\/td><td>DIPARTIMENTO<\/td><td>QUALIFICA<\/td><td>SSD<\/td><\/tr><tr><td>Francesca<\/td><td>AURELI<\/td><td>DIA<\/td><td>PA<\/td><td>ICAR\/02 Costruzioni idrauliche<\/td><\/tr><tr><td>Beatrice<\/td><td>BELLETTI<\/td><td>DIA<\/td><td>PO<\/td><td>ICAR\/09 Tecnica delle costruzioni<\/td><\/tr><tr><td>Patrizia<\/td><td>BERNARDI<\/td><td>DIA<\/td><td>PA<\/td><td>ICAR\/09 Tecnica delle costruzioni<\/td><\/tr><tr><td>Danilo<\/td><td>BERSANI<\/td><td>DSMFI<\/td><td>PA<\/td><td>FIS\/03&nbsp;Fisica della Materia<\/td><\/tr><tr><td>Nazarena<\/td><td>BRUNO<\/td><td>DIA<\/td><td>RTDA<\/td><td>ICAR\/06 Geomatica<\/td><\/tr><tr><td>Barbara<\/td><td>CASELLI<\/td><td>DIA<\/td><td>RTDA<\/td><td>ICAR\/20 Tecnica e pianificazione urbanistica<\/td><\/tr><tr><td>Antonella<\/td><td>CASOLI<\/td><td>SCVSA<\/td><td>PO<\/td><td>SSD CHIM\/12 Chimica dell\u2019ambiente e dei beni culturali<\/td><\/tr><tr><td>Roberto<\/td><td>CERIONI<\/td><td>DIA<\/td><td>PO<\/td><td>ICAR\/09 Tecnica delle costruzioni<\/td><\/tr><tr><td>Eva<\/td><td>COISSON<\/td><td>DIA<\/td><td>PO<\/td><td>ICAR 19 Restauro<\/td><\/tr><tr><td>Dario<\/td><td>COSTI<\/td><td>DIA<\/td><td>PO<\/td><td>ICAR\/14 Composizione architettonica e urbana<\/td><\/tr><tr><td>Nicola<\/td><td>DELMONTE<\/td><td>DIA<\/td><td>PA<\/td><td>ING-INF\/01 &#8211; Elettronica<\/td><\/tr><tr><td>Lia<\/td><td>FERRARI<\/td><td>DIA<\/td><td>RTDA<\/td><td>ICAR 19 Restauro<\/td><\/tr><tr><td>Daniele<\/td><td>FERRETTI<\/td><td>DIA<\/td><td>PA<\/td><td>ICAR\/09 Tecnica delle costruzioni<\/td><\/tr><tr><td>Francesco<\/td><td>FREDDI<\/td><td>DIA<\/td><td>PA<\/td><td>ICAR\/08 Scienza delle Costruzioni<\/td><\/tr><tr><td>Barbara<\/td><td>GHERRI<\/td><td>DIA<\/td><td>PA<\/td><td>ICAR 10 Architettura Tecnica<\/td><\/tr><tr><td>Claudia<\/td><td>GRAIFF<\/td><td>SCVSA<\/td><td>PA<\/td><td>SSD CHIM\/07 Fondamenti chimici delle tecnologie<\/td><\/tr><tr><td><\/td><td><\/td><td><\/td><td><\/td><td><\/td><\/tr><tr><td>Pier Luigi<\/td><td>MARCHINI<\/td><td>DSEA<\/td><td>PO<\/td><td>SECS-P\/07 Economia aziendale<\/td><\/tr><tr><td>Maria Evelina<\/td><td>MELLEY<\/td><td>DIA<\/td><td>RU<\/td><td>ICAR\/17 Disegno<\/td><\/tr><tr><td>Elena<\/td><td>MICHELINI<\/td><td>DIA<\/td><td>RTDB<\/td><td>ICAR\/09 Tecnica delle costruzioni<\/td><\/tr><tr><td>Sandra<\/td><td>MIKOLAJEWSKA<\/td><td>DIA<\/td><td>RTDA<\/td><td>ICAR\/17 Disegno<\/td><\/tr><tr><td>Antonio<\/td><td>MONTEPARA<\/td><td>DIA<\/td><td>PO<\/td><td>ICAR\/04 Strade, ferrovie ed aeroporti<\/td><\/tr><tr><td>Federica<\/td><td>OTTONI<\/td><td>DIA<\/td><td>PA<\/td><td>ICAR 19 Restauro<\/td><\/tr><tr><td>Luigi<\/td><td>PELLECCHI<\/td><td>GSPI<\/td><td>PO<\/td><td>IUS\/18 Diritto romano e diritti dell&#8217;antichit\u00e0<\/td><\/tr><tr><td>Enrico<\/td><td>PRANDI<\/td><td>DIA<\/td><td>PA<\/td><td>ICAR\/14 Composizione architettonica e urbana<\/td><\/tr><tr><td>Carlo<\/td><td>QUINTELLI<\/td><td>DIA<\/td><td>PO<\/td><td>ICAR\/14 Composizione architettonica e urbana<\/td><\/tr><tr><td>Sara<\/td><td>RAINIERI<\/td><td>DIA<\/td><td>PO<\/td><td>ING-IND\/10 \u2013 Fisica Tecnica Industriale<\/td><\/tr><tr><td>Elena<\/td><td>ROMEO<\/td><td>DIA<\/td><td>PA<\/td><td>ICAR\/04 Strade, ferrovie ed aeroporti<\/td><\/tr><tr><td>Silvia<\/td><td>ROSSETTI<\/td><td>DIA<\/td><td>RTDB<\/td><td>ICAR\/20 Tecnica e pianificazione urbanistica<\/td><\/tr><tr><td>Andrea<\/td><td>SEGALINI<\/td><td>DIA<\/td><td>PA<\/td><td>GEO\/05 Geologia applicata<\/td><\/tr><tr><td>Andrea<\/td><td>SPAGNOLI<\/td><td>DIA<\/td><td>PO<\/td><td>ICAR\/08 Scienza delle Costruzioni<\/td><\/tr><tr><td>Maria Giovanna<\/td><td>TANDA<\/td><td>DIA<\/td><td>PO<\/td><td>ICAR\/02 Costruzioni idrauliche<\/td><\/tr><tr><td>Gabriele<\/td><td>TEBALDI<\/td><td>DIA<\/td><td>PA<\/td><td>ICAR\/04 Strade, ferrovie ed aeroporti<\/td><\/tr><tr><td>Roberto<\/td><td>VALENTINO<\/td><td>SCVSA<\/td><td>PA<\/td><td>ICAR07 Geotecnica<\/td><\/tr><tr><td>Marcello<\/td><td>VANALI<\/td><td>DISTI<\/td><td>PA<\/td><td>ING-IND\/12 Misure meccaniche e termiche<\/td><\/tr><tr><td>Sabrina<\/td><td>VANTADORI<\/td><td>DIA<\/td><td>PA<\/td><td>ICAR\/08 Scienza delle Costruzioni<\/td><\/tr><tr><td>Chiara<\/td><td>VERNIZZI<\/td><td>DIA<\/td><td>PO<\/td><td>ICAR\/17 Disegno<\/td><\/tr><tr><td>Pamela<\/td><td>VOCALE<\/td><td>DIA<\/td><td>RTDA<\/td><td>ING-IND\/10 \u2013 Fisica Tecnica Industriale&nbsp;<\/td><\/tr><tr><td>Michele<\/td><td>ZAZZI<\/td><td>DIA<\/td><td>PO<\/td><td>ICAR\/20 Tecnica e pianificazione urbanistica<\/td><\/tr><tr><td>Andrea<\/td><td>ZERBI<\/td><td>DIA<\/td><td>PA<\/td><td>ICAR\/17 Disegno<\/td><\/tr><\/tbody><\/table><figcaption class=\"wp-element-caption\">Tab 2 \u2013 Elenco degli aderenti al Centro aggiornato al 30\/06\/2025.<\/figcaption><\/figure>\n","protected":false},"excerpt":{"rendered":"<p>Per lo svolgimento delle proprie attivit\u00e0 il Centro dedica una parte preponderante delle proprie risorse umane e tecnologiche ad attivit\u00e0 [&hellip;]<\/p>\n","protected":false},"author":23,"featured_media":0,"parent":119,"menu_order":0,"comment_status":"closed","ping_status":"closed","template":"","meta":[],"acf":[],"_links":{"self":[{"href":"https:\/\/www.centritecnopolo.unipr.it\/ciccrei\/wp-json\/wp\/v2\/pages\/43"}],"collection":[{"href":"https:\/\/www.centritecnopolo.unipr.it\/ciccrei\/wp-json\/wp\/v2\/pages"}],"about":[{"href":"https:\/\/www.centritecnopolo.unipr.it\/ciccrei\/wp-json\/wp\/v2\/types\/page"}],"author":[{"embeddable":true,"href":"https:\/\/www.centritecnopolo.unipr.it\/ciccrei\/wp-json\/wp\/v2\/users\/23"}],"replies":[{"embeddable":true,"href":"https:\/\/www.centritecnopolo.unipr.it\/ciccrei\/wp-json\/wp\/v2\/comments?post=43"}],"version-history":[{"count":7,"href":"https:\/\/www.centritecnopolo.unipr.it\/ciccrei\/wp-json\/wp\/v2\/pages\/43\/revisions"}],"predecessor-version":[{"id":330,"href":"https:\/\/www.centritecnopolo.unipr.it\/ciccrei\/wp-json\/wp\/v2\/pages\/43\/revisions\/330"}],"up":[{"embeddable":true,"href":"https:\/\/www.centritecnopolo.unipr.it\/ciccrei\/wp-json\/wp\/v2\/pages\/119"}],"wp:attachment":[{"href":"https:\/\/www.centritecnopolo.unipr.it\/ciccrei\/wp-json\/wp\/v2\/media?parent=43"}],"curies":[{"name":"wp","href":"https:\/\/api.w.org\/{rel}","templated":true}]}}