{"id":35,"date":"2016-10-04T16:16:42","date_gmt":"2016-10-04T14:16:42","guid":{"rendered":"https:\/\/app599.apps.aicod.it\/biopharmanet-tec\/?page_id=35"},"modified":"2023-04-21T19:22:11","modified_gmt":"2023-04-21T17:22:11","slug":"unita-e-competenze","status":"publish","type":"page","link":"https:\/\/www.centritecnopolo.unipr.it\/biopharmanet-tec\/il-centro\/unita-e-competenze\/","title":{"rendered":"Unit\u00e0 operative"},"content":{"rendered":"\n<p>Il centro \u00e8 articolato in <strong>5<\/strong> <strong>Unit\u00e0 Operative<\/strong>:<\/p>\n\n\n\n<ol>\n<li><a href=\"https:\/\/www.centritecnopolo.unipr.it\/biopharmanet-tec\/il-centro\/unita-e-competenze\/#descrizione-chapter0\">Drug Discovery<\/a><\/li>\n\n\n\n<li><a href=\"https:\/\/www.centritecnopolo.unipr.it\/biopharmanet-tec\/il-centro\/unita-e-competenze\/#descrizione-chapter1\">Drug Delivery e Tecnologie di Processo<\/a><\/li>\n\n\n\n<li><a href=\"https:\/\/www.centritecnopolo.unipr.it\/biopharmanet-tec\/il-centro\/unita-e-competenze\/#descrizione-chapter2\">Farmacologia<\/a><\/li>\n\n\n\n<li><a href=\"https:\/\/www.centritecnopolo.unipr.it\/biopharmanet-tec\/il-centro\/unita-e-competenze\/#descrizione-chapter3\">Chirurgia e Medicina Sperimentale<\/a><\/li>\n\n\n\n<li><a href=\"https:\/\/www.centritecnopolo.unipr.it\/biopharmanet-tec\/il-centro\/unita-e-competenze\/#descrizione-chapter4\">Biochimica e Biologia Molecolare<\/a><\/li>\n<\/ol>\n\n\n\n<p>Ogni unit\u00e0 operativa \u00e8 composta da ricercatori e tecnici tra il personale strutturato, e assegnisti e borsisti tra il personale non strutturato, ed \u00e8 coordinata da un Responsabile con funzioni di:<\/p>\n\n\n\n<p>&#8211; Coordinamento ed indirizzo delle UO<\/p>\n\n\n\n<p>&#8211; Gestione dei progetti<\/p>\n\n\n\n<p>&#8211; Gestione del personale<\/p>\n\n\n\n<p>Ognuna delle 5&nbsp;Unit\u00e0 Operative&nbsp;del centro presenta specifiche competenze e una diversa gamma di servizi offerti:<\/p>\n\n\n\n<h2>DRUG DISCOVERY<\/h2>\n\n\n\n<p>Questa UO si occupa di progettazione, sintesi, ottimizzazione della struttura e caratterizzazione attraverso vari metodi analitici di molecole di interesse biologico e\/o di chemical tools per la comprensione di pathways biochimici ed indagini di tipo chimico\/biologico. L\u2019UO offre competenze di chimica farmaceutica, declinate negli aspetti computazionali (ricerca e progettazione di nuove molecole bioattive, valutazione in silico dei rischi tossicologici), sintetici (strategie sintetiche e messa a punto della sintesi di nuovi composti, diversificazione strutturale, ottimizzazione di ADME properties, produzione di lotti per studi in modelli animali) analitici (caratterizzazione via H e C-NMR, HPLC, LC-MS, HRMS, individuazione e caratterizzazione di impurezze, determinazione di propriet\u00e0 chimico-fisiche) e bioanalitici (messa a punto di metodi quantitativi per NCEs in fluidi biologici, studi di metabolismo in vitro, valutazione di parametri farmacocinetici, analisi metabolomiche e lipidomiche in campioni preclinici e clinici).<\/p>\n\n\n\n<h2>DRUG DELIVERY e TECNOLOGIE DI PROCESSO<\/h2>\n\n\n\n<p>Questa UO si occupa di drug delivery applicata alla ricerca industriale e allo sviluppo competitivo. Gli studi includono aspetti relativi alla formulazione, allo sviluppo industriale e alla produzione di medicinali. Le competenze di questa UO sono relative alla pre-formulazione e alla formulazione di forme farmaceutiche per le applicazioni orali, transdermiche, oculari, nasali e polmonari, nonch\u00e9 la loro valutazione in vitro.<\/p>\n\n\n\n<h2>UO FARMACOLOGIA SPERIMENTALE<\/h2>\n\n\n\n<p>Questa UO si occupa di Farmacologia Cellulare e di Farmacologia e Tossicologia Sperimentale. Nello specifico, il laboratorio di Farmacologia Cellulare offre competenze inerenti allo studio dei processi cellulari coinvolti nell\u2019aterosclerosi&nbsp;e nelle malattie neurodegenerative. I progetti&nbsp;pi\u00f9 rilevanti riguardano l\u2019approfondimento dei meccanismi che regolano il metabolismo lipidico e la loro modulazione farmacologica, con particolare attenzione alla valutazione della funzionalit\u00e0 delle HDL e del trasporto inverso del colesterolo. Questi studi sono condotti sia in modelli cellulari in vitro che in modelli sperimentali in vivo.<\/p>\n\n\n\n<p>Le competenze che il laboratorio di Farmacologia e Tossicologia Sperimentale offre sono relative allo svolgimento di indagini farmacologiche, tossicologiche e farmacocinetiche in vitro\/in vivo con specifiche competenze nello sviluppo di nuovi farmaci per il trattamento di stati infiammatori\/algesici, in particolare patologie infiammatorie croniche intestinali (Malattia di Crohn, Colite Ulcerosa), e per malattie oncologiche.&nbsp;Oltre alla disponibilit\u00e0 di specifici modelli sperimentali in vivo,&nbsp;sono realizzati approfondimenti in vitro sui meccanismi d\u2019azione e sulle propriet\u00e0 farmacocinetiche e tossicologiche di molecole nuove e convenzionali in tessuti, colture cellulari e colture di organoidi.<\/p>\n\n\n\n<h2>CHIRURGIA E MEDICINA SPERIMENTALE<\/h2>\n\n\n\n<p>Questa UO lavora nell\u2019area di ricerca traslazionale del carcinoma polmonare e del mesotelioma.&nbsp;Lo sviluppo di nuove terapie risulta essenziale essendo questi tumori spesso diagnosticati in fase avanzata e refrattari alla chemioterapia tradizionale.&nbsp;L\u2019UO si occupa, in collaborazione con gruppi nazionali ed internazionali, di studiare terapie a bersaglio molecolare in modelli preclinici in vitro e in vivo di polmone e mesotelioma. Uno dei problemi principali nell\u2019utilizzo delle terapie biologiche \u00e8 inoltre la comparsa di resistenza. Le attivit\u00e0 dell\u2019Unit\u00e0 prevedono analisi combinate delle alterazioni genetiche e&nbsp;della risposta ad un ampio spettro di farmaci appartenenti a differenti categorie e strategie di combinazione farmacologica per il superamento o la prevenzione della resistenza. L\u2019approccio utilizzato pu\u00f2 favorire una rapida traslazione in clinica rendendo la terapia sempre pi\u00f9 personalizzata ed efficace.<\/p>\n\n\n\n<h2>BIOCHIMICA E BIOLOGIA MOLECOLARE<\/h2>\n\n\n\n<p>Le competenze che questa UO offre riguardano: i) la genomica funzionale e le sue applicazioni in ambito farmaceutico\/tossicologico; ii) la progettazione e la realizzazione di prototipi di vaccini peptidici ricombinanti e la loro validazione preclinica in modelli animali di patologie amiloidi (malattia di Alzheimer) e infettive (Papillomavirus umano) di marcato interesse clinico-terapeutico, iii) l\u2019espressione, purificazione e caratterizzazione di proteine target e di proteine terapeutiche; iv) la coniugazione di proteine con polietilene glicole e sonde fluorescenti; v) l\u2019incapsulazione di proteine in matrici biodegradabili; vi) la valutazione mediante metodi spettroscopici della stabilit\u00e0 di formulati, &nbsp;vii) proteomica di liquidi biologici e tessuti e viii) lo sviluppo di sostituti del sangue basati su emoglobine modificate. In particolare, questa UO operativa si occupa: i) dell\u2019elaborazione, consultazione e sfruttamento a fini applicativi di banche-dati genomiche; ii) di analisi trascrittomiche applicate a microrganismi probiotici e a patologie umane di marcato interesse clinico; iii) di genomica microbica e sfruttamento per fini applicativi, anche di tipo immuno-terapeutico, di microorganismi \u201cutili\u201d, in particolare batteri gram-positivi approvati per uso umano (e.g.&nbsp;<em>Lactococcus<\/em> spp.); iv) dello sviluppo di soluzioni ottimizzate per la produzione su media-scala di proteine ricombinanti utilizzabili come vaccini o per la produzione di anticorpi per uso diagnostico, di proteine (\u201clectine\u201d) dotate di propriet\u00e0 antivirali, impiegabili come \u201cmicrobicidi\u201d per uso topico, e di proteine target di farmaci e di proteine terapeutiche; v) la determinazione della stabilit\u00e0 di proteine e dell\u2019attivit\u00e0 catalitica di enzimi mediante saggi continui e discontinui; vi) della preparazione di proteine coniugate a ridotta immugenicit\u00e0 ad elevata biodisponbilit\u00e0; vii) la determinazione delle curve di legame di emoglobine; viii) l\u2019analisi mediante 2D-PAGE e LC\/MS di liquidi biologici e tessuti per discovery proteomics, differential proteomics e functional proteomics con identificazione delle proteine separate.<\/p>\n","protected":false},"excerpt":{"rendered":"<p>Il centro \u00e8 articolato in 5 Unit\u00e0 Operative: Ogni unit\u00e0 operativa \u00e8 composta da ricercatori e tecnici tra il personale [&hellip;]<\/p>\n","protected":false},"author":13,"featured_media":0,"parent":192,"menu_order":0,"comment_status":"closed","ping_status":"closed","template":"sidebar-right.php","meta":[],"acf":[],"_links":{"self":[{"href":"https:\/\/www.centritecnopolo.unipr.it\/biopharmanet-tec\/wp-json\/wp\/v2\/pages\/35"}],"collection":[{"href":"https:\/\/www.centritecnopolo.unipr.it\/biopharmanet-tec\/wp-json\/wp\/v2\/pages"}],"about":[{"href":"https:\/\/www.centritecnopolo.unipr.it\/biopharmanet-tec\/wp-json\/wp\/v2\/types\/page"}],"author":[{"embeddable":true,"href":"https:\/\/www.centritecnopolo.unipr.it\/biopharmanet-tec\/wp-json\/wp\/v2\/users\/13"}],"replies":[{"embeddable":true,"href":"https:\/\/www.centritecnopolo.unipr.it\/biopharmanet-tec\/wp-json\/wp\/v2\/comments?post=35"}],"version-history":[{"count":1,"href":"https:\/\/www.centritecnopolo.unipr.it\/biopharmanet-tec\/wp-json\/wp\/v2\/pages\/35\/revisions"}],"predecessor-version":[{"id":823,"href":"https:\/\/www.centritecnopolo.unipr.it\/biopharmanet-tec\/wp-json\/wp\/v2\/pages\/35\/revisions\/823"}],"up":[{"embeddable":true,"href":"https:\/\/www.centritecnopolo.unipr.it\/biopharmanet-tec\/wp-json\/wp\/v2\/pages\/192"}],"wp:attachment":[{"href":"https:\/\/www.centritecnopolo.unipr.it\/biopharmanet-tec\/wp-json\/wp\/v2\/media?parent=35"}],"curies":[{"name":"wp","href":"https:\/\/api.w.org\/{rel}","templated":true}]}}